ose -k - k = q. Is (-8)/(-4) - k/(-3) a composite number?
False
Let o = 72558 - 42629. Is o prime?
False
Suppose 0 = 9*j + 83833 - 423052. Is j a prime number?
True
Suppose -2*f = -3*u + 8*u - 4435, -4*u + 5*f = -3548. Is u prime?
True
Suppose 3*o = q + 35, -q + 1 = -o + 12. Let x be 0*(-3)/(-9) - o. Is (-2)/(-1)*(-2274)/x a composite number?
False
Let t = -2016 - -5033. Is t a prime number?
False
Let b be 10*(14/4)/7. Suppose 0 = -5*u - b*y + 1465, -3*u + 3*y + 657 + 222 = 0. Is u a prime number?
True
Is (-3 + (-15)/(-6))/((-1)/125878) a composite number?
False
Let y(h) = h**2 + 6*h - 4. Let s(g) = -g**3 - 4*g**2 + 2*g + 4. Let w be s(-4). Let t be (-222)/(-30) + w/10. Is y(t) a prime number?
False
Suppose -4*a + 24 = 4*y - 2328, -4*y - 578 = -a. Suppose 5*o + a = b, 0 = -b - o + 4*o + 584. Suppose -q = p - b, -4*p = -0*p. Is q a composite number?
True
Suppose a + 3*a - 76 = -5*y, -4*a - 44 = -5*y. Suppose -6*v = -10*v + y. Is 160 + (6 - v)/3 prime?
False
Let y = 323 + -211. Suppose -30 = -p + y. Suppose 5*h = i + 617, -3*h + p = -5*i - 237. Is h a prime number?
False
Let b be 4/(-18) + (660/54 - 2). Suppose -5*l - b*i + 6*i + 13265 = 0, 5*i + 25 = 0. Is l a composite number?
False
Suppose s - 3*s + 8 = 0. Let c(l) = -l + 1. Let n be c(-2). Suppose n*w = -2*g + 291, -2*w + 5*w - s*g - 291 = 0. Is w composite?
False
Let f = 23 + -24. Is 549 + 22 - (-2 - f - 1) a prime number?
False
Suppose -3*u + 3381 + 1812 = 3*l, -4*u + 6928 = 5*l. Is u prime?
False
Let f(d) = 71*d**2 - 21*d - 213. Is f(-18) composite?
True
Let m be (-1)/((-5)/(177050/(-2))). Let j = -12198 - m. Is j a composite number?
False
Suppose -w - 11 = -k, -4*k + 16 = -2*w - 28. Suppose k*p - 15 = 8*p. Suppose p*h - 115 = 2*b - 8, -2*h + 44 = -2*b. Is h a prime number?
False
Let g(u) = 231*u**2 - 12*u + 40. Is g(5) composite?
True
Suppose -6*c + 11*c = 560. Suppose z - 1040 = -3*v + c, -5820 = -5*z - 3*v. Is z a composite number?
True
Let p(j) = 1271*j - 10. Is p(1) composite?
True
Let a be (1 - 22/10)*20/(-6). Is (4 - 1) + 1397 + (3 - a) a prime number?
True
Let r(x) = -54*x**2 + 10*x - 13. Let g(w) = 36*w**2 - 7*w + 9. Let u = 25 - 30. Let j(k) = u*r(k) - 7*g(k). Is j(1) a composite number?
False
Is (-1909)/(-5) + (-312)/40 + 7 composite?
True
Let q = 31481 - 13212. Is q a prime number?
True
Suppose -2*z + 0*z + 414 = 2*c, z - 2*c - 201 = 0. Let h = z + -92. Is h composite?
False
Let m = -2589 + -5609. Let a = -4521 - m. Is a composite?
False
Let z(n) be the second derivative of -7*n**4/12 - n**3/2 - 2*n**2 - n. Let y(f) = 7*f**2 + 3*f + 5. Let t(b) = -5*y(b) - 6*z(b). Is t(-3) a prime number?
True
Suppose -z - 9144 = -4*n, 0 = -n + 5*n - 3*z - 9136. Is n composite?
False
Suppose 120 = 7*t - 5*t. Suppose -f = t - 455. Is f composite?
True
Suppose -5*b = -2*r - 10*b + 3329, 5*r + 5*b - 8300 = 0. Is r prime?
True
Let m(n) = n**3 - 15*n**2 - n + 17. Let t be m(15). Suppose 401 + 8 = h + 2*o, 0 = -h + t*o + 393. Is h a prime number?
True
Let k(i) = -23*i**3 + 5*i**2 + 5*i - 2. Suppose 2*q = 13*q + 33. Is k(q) a prime number?
False
Is 1 - ((-2583)/7 - 3) a composite number?
False
Let r = 117045 - 79816. Is r a prime number?
False
Let b = -5903 - -18988. Is b prime?
False
Let m be -3*((-6)/2)/3. Suppose -3*g + 3*r + 277 = g, m*g - 186 = -5*r. Let w = g + 94. Is w prime?
False
Let s = -362 - -354. Let l(j) be the first derivative of -15*j**2/2 - 5*j - 1. Is l(s) prime?
False
Suppose 17*n - 387812 = 111699. Is n prime?
True
Let i(q) = -993*q**2 + 2*q - 3. Let o be i(3). Let y = o - -12816. Is (-2)/4 - y/(-12) a composite number?
True
Let q(k) = 392*k**2 - 25*k + 88. Is q(7) a prime number?
True
Suppose 0*p = 3*p - 3*x - 3735, 5*p + 3*x - 6209 = 0. Is p composite?
True
Let f(b) = 5*b**3 + b**2 + 18*b - 7. Is f(7) prime?
False
Let o(t) = -2*t**2 + 15*t - 16. Let g be o(6). Suppose -g*x = 5*w - 2238, -974 - 1244 = -5*w + 3*x. Is w a composite number?
True
Let t(x) = 1102*x**2 - 65*x - 315. Is t(-6) a prime number?
False
Suppose 0 = -j - 9 + 7. Let d(s) = 50*s - 2. Let p be d(j). Let r = -20 - p. Is r a composite number?
True
Suppose 4*j = 3*j + 5, 0 = -2*t - 4*j + 20. Suppose -q = -2*v + 3 - t, -4*q + v + 16 = 0. Let x(y) = y**3 - 5*y**2 + 2*y + 1. Is x(q) composite?
False
Suppose 9 = 12*t - 27. Let g(f) = 1310*f + 17. Is g(t) composite?
False
Let j be 3*-3*(-4)/(-18). Let o = j - -21. Is o composite?
False
Is 18/2 + 8541 - 8 prime?
False
Is (-2)/1*-1934*(-21)/(-28) a prime number?
False
Let j be (-2)/(-9) - (-48)/27. Suppose 5*q - h - 930 = 0, -j*h + 570 - 25 = 3*q. Is q a composite number?
True
Suppose -3*k = -10091 - 14026. Is k a composite number?
False
Suppose -5*l = -580 - 310. Let j = 16 + l. Is j a prime number?
False
Suppose 5*s - 4*c - 4440 = c, s + 2*c - 885 = 0. Is s a composite number?
False
Let x(y) = -832*y + 5. Let n be x(-4). Let l be (-3)/(n/(-3324) + 1). Suppose m + 5*u - 3*u = 561, -l = -2*m + 3*u. Is m composite?
False
Let k(i) = 63*i - 27. Let x be k(-5). Let g = x + 656. Is g composite?
True
Suppose 5759 = 2*p - o, -o = -5*p + 4*o + 14400. Is p composite?
False
Is (-796 + 9)/((-1)/11) prime?
False
Let v(q) = 7706*q - 33. Is v(5) a composite number?
True
Let h = -98472 + 202365. Is h prime?
False
Let j(c) = -c**3 + 16*c**2 + c + 29. Is j(-12) composite?
False
Let m(t) = -t**2 + t + 17. Let f be m(0). Let k be ((-308)/8)/(-11)*(-40)/(-35). Suppose 4*x + k = -0, 3*x = 2*j - f. Is j a composite number?
False
Let j = 1264 + 4758. Is j prime?
False
Suppose -2*d + 25666 = 2*a, 5*d = 5*a - 15066 - 49059. Is a a prime number?
True
Let z be (-6 - -4)/((-2)/(-3)). Let u be (z + (1 - -3))*10. Suppose -u*a = -5*a - 110. Is a composite?
True
Let w(s) = 331*s. Let a be 320/14 - 1/(-7). Let r = a - 22. Is w(r) prime?
True
Let l = 721 + -1258. Is 3/2 - (l/6 + 5) a composite number?
True
Suppose -16966 = -5*y - 3161. Is y prime?
False
Let l = 13 + 550. Is l prime?
True
Suppose -135 = -t + 786. Is 7 - 10 - (0 + -1 - t) a prime number?
True
Let r(h) = -12*h**3 - 3*h**2 - 2*h. Let o be r(-1). Let v(p) = -10*p**2 - p. Let m be v(-1). Is (-71)/(-1) - (o + m) composite?
True
Let v(o) = 2*o**3 - 18*o**2 - 28*o - 9. Is v(21) prime?
False
Suppose -j = -26 - 0. Suppose -q + j + 51 = 0. Is q a composite number?
True
Let k be (-2)/(-7) - (-61)/7. Let s = 90 - k. Let z = 118 - s. Is z prime?
True
Let o(u) = u**3 + 6*u**2 + 2*u - 9. Let p be (-1)/3 - (-14)/(-15)*5. Is o(p) prime?
False
Is (-195)/10*(1 - (-27534)/(-18)) composite?
True
Let o = 37 - 41. Let m be 1/((-16)/12)*o. Let n(t) = 35*t**2 + 4*t + 4. Is n(m) a prime number?
True
Let a be -2 + 2/(-6) + (-455025)/(-9). Is a/15 - (-4)/((-100)/(-15)) a composite number?
False
Let k(q) be the second derivative of q**5/10 + q**4/3 + 5*q**3/3 - 7*q**2 + 2*q. Is k(5) a composite number?
True
Is ((-844)/12)/(2 + 14/(-6)) a prime number?
True
Let m(s) = 28*s + 3. Let z be m(3). Suppose -z = -23*t + 22*t. Is t composite?
True
Let n = -2 - -2. Suppose 7*i - 4*i - 2073 = n. Is i a prime number?
True
Suppose 3*f - 671 = -4*r, 2*f - 424 - 24 = -3*r. Is f a composite number?
True
Let m = 15 + -11. Suppose -2*b - 6*p + 263 = -3*p, -m*b = 2*p - 514. Is b prime?
True
Suppose -8*f - 18098 = -84106. Is f a composite number?
True
Let l(z) = -z**2 - 3*z + 3. Let s be l(-9). Let g = -72 - s. Is 254*(g/6)/(-7) composite?
False
Let d = -22 - -25. Suppose -d*b + 6*b - 117 = 0. Is b a prime number?
False
Let c = 21018 + 11969. Is c a composite number?
False
Let c be (-8058)/(-54) + 4*1/(-18). Let w be (-1)/(-1) - (-2)/2. Suppose 0 = l + 2*a + 3*a - 135, l = w*a + c. Is l composite?
True
Suppose d + 110369 = 8*d. Is d prime?
True
Suppose -10829 = -2*p - 2*v - 4595, -v = 1. Suppose -2*t + 3*w = -p, -3*t + 0*w - 5*w = -4677. Is t a composite number?
False
Is 13740048/860 + 1/5 a prime number?
False
Let n = -1618 - -929. Is (n/2 + -4)*-2 composite?
True
Suppose -5*y = -0*y - 550. Let j = -134 + 134. Suppose j = 8*r - 10*r + y. Is r a prime number?
False
Let n be (-2)/((-8)/3 - -2). Suppose -x + 2 = n*z, -4*z + 2*x + 18 = 2. Suppose -z*r = -5*v - 7*r + 1575, 5*r = 2*v - 658. Is v a prime number?
False
Let i = 14 + 32. Suppose -100 - i = -4*h - 2*p, p = h - 35. Is (1251/h)/((-1)/(-4)) prime?
True
Suppose 7521 = 2*n - 2593. Suppose 5*z - n = 4*m, m = 5*z + 2*m - 5042. Is z a 